 What is the highest common divisor of s and 3?
3
Suppose -2*s + 42 = 4*s. Let p(v) = -19*v - 1. Let j be p(-3). Calculate the greatest common factor of s and j.
7
Let z be 2/1 + 2 + 2. Let c be 836/10 - z/(-15). What is the highest common factor of c and 12?
12
Let w(l) = -l**2 + 12*l - 12. Let b be w(9). Calculate the highest common divisor of 90 and b.
15
Let f(b) = 45*b - 5. Let j be f(2). Suppose -2*n = -5*n + 174. Let o = n - 41. What is the highest common divisor of o and j?
17
Let c(t) = 2*t**2 - 5*t - 3. Let v be c(4). Suppose -3*f - v = -6*f. Calculate the greatest common factor of 12 and f.
3
Let o(n) = 51 - 30 - 5*n**2 + n**3 - 3*n - 24. Suppose 5*h - h = 24. Let f be o(h). What is the highest common factor of 30 and f?
15
Let g(b) = 2*b - 15. Let w be g(11). What is the highest common divisor of 7 and w?
7
Let h be (6*3)/3 - -3. Let g be (14/6 + -1)*h. Calculate the highest common factor of 12 and g.
12
Let t = 344 + -122. Let u = -159 + t. Let c(w) = w**3 - 10*w**2 - 9*w - 15. Let h be c(11). What is the highest common factor of u and h?
7
Let t be 290*(-4 + 9/2). What is the greatest common divisor of t and 58?
29
Let y be (442/5)/(1/(-5)). Let n be y/(-5) + (-14)/35. Let f(o) = -o**3 + o + 8. Let q be f(0). What is the greatest common factor of n and q?
8
Suppose -2*p - 3*t + 4*t + 23 = 0, -4*t = 20. Let c = -4 + 10. Suppose -c = -2*m + 48. Calculate the highest common factor of m and p.
9
Let b be (-3 + 2)*(6 + -24). What is the greatest common factor of b and 27?
9
Suppose 5*r + 0*r = 15. Let q be (-10)/6 + r/(-9). Let x(f) = f**3 + 4*f**2 + 4*f + 3. Let g be x(q). What is the greatest common divisor of g and 3?
3
Suppose 5*w - 27 = 3. Let h be 1*16 + w + -6. Suppose -3*i = -11 - h. What is the highest common divisor of i and 72?
9
Let y = 4 + -5. Let n be -85*1/y - -3. What is the greatest common factor of 8 and n?
8
Let h be (85/10)/(1/(-2)). Let v = 24 + h. What is the greatest common divisor of 1 and v?
1
Let b(p) = p**2 + 7*p - 12. Let t be b(-9). What is the highest common divisor of t and 54?
6
Let w(d) = d**3 + 7*d - 12*d + 2 + 4*d + 10*d**2. Let c be w(-10). Let g be (-6)/9 - (-292)/6. Calculate the highest common divisor of g and c.
12
Let f be -3 - (-2 - (8 + -1)). What is the greatest common factor of f and 42?
6
Let f = 34 + -59. Let q = 13 - f. What is the greatest common factor of q and 19?
19
Let h be 420/16 + 2/(-8). Suppose 5*g - n - 10 - 16 = 0, -2*n = 3*g - h. Suppose g*q - q - 55 = 0. Calculate the greatest common divisor of 55 and q.
11
Let n = -14 + 9. Let j(x) = -4*x + 1. Let h be j(n). What is the highest common divisor of 14 and h?
7
Let v = -246 - 61. Let w = v + 447. Calculate the greatest common factor of 20 and w.
20
Let w(l) = 3*l + 5. Let i(x) = 1. Let m(g) = -5*i(g) - w(g). Let o be m(-10). Calculate the highest common factor of o and 40.
20
Let d = -198 - -208. Let v(c) = 3*c - 2*c - 2*c + 4. Let g be v(-6). What is the highest common divisor of d and g?
10
Let x be (-5 + 2)/(6/(-32)). Let h be (3/2)/(9/60). Let w = h - 2. What is the highest common factor of w and x?
8
Let b be (-12)/8 - (-87)/2. Let n(o) = -o - 7. Let j be n(-7). Let t be 106 + -1 - (j + 0). What is the greatest common factor of b and t?
21
Suppose -z = -5*z + o + 58, 4*o = -z + 6. Suppose 4*a = -0*a - 3*p + z, -a + 15 = -5*p. What is the greatest common divisor of a and 45?
5
Let l(k) = k**3 - 2*k**2 - 2*k + 6. Let w be l(3). Let b be w/(-2)*(-192)/9. What is the highest common divisor of 12 and b?
12
Let a(g) = 0*g**2 + 4*g**2 + 6 + g - 2 - 3*g**2. Let y be a(4). Calculate the greatest common factor of 4 and y.
4
Suppose 0 = 5*z - 5, 16 = x + z + 1. Calculate the highest common factor of x and 28.
14
Suppose 3*c = 7*c - 3*k - 37, 0 = 3*k - 3. Suppose 6*q = 4*q + c. Suppose 4*w + 2*d = 88, -6*w + 4*d + 84 = -w. What is the greatest common factor of q and w?
5
Suppose r - c + 13 = -5*c, 4*r - c - 16 = 0. Suppose -n + 41 = r*m, -49 = m - 4*m - 5*n. Calculate the highest common factor of m and 26.
13
Suppose -4*c + c = -15. Suppose -2*y = -2*n + 10, 3*n - 20 = y - c. Suppose 83 = n*i + 18. Calculate the highest common divisor of i and 65.
13
Let l(r) = -r**2 - 7*r + 7. Let x be l(-8). Let p be -17*(-2)/(-2)*x. What is the highest common factor of 51 and p?
17
Let t(f) be the first derivative of 7*f**2/2 - 7*f + 5. Let r be t(3). Let o(q) = -q + 56. Let l be o(0). What is the greatest common factor of r and l?
14
Suppose -5*n + 21 = -44. Suppose -4*t - 62 = -f, -6*f + 2*f + 38 = -2*t. Let h = t - -54. Calculate the greatest common factor of n and h.
13
Let r(y) = -y**2 - 11*y + 16. Let k be r(-11). Calculate the highest common divisor of k and 2.
2
Let l(r) = 7*r + 36. Let m be l(-5). Suppose 0*u - u = -5. What is the greatest common divisor of m and u?
1
Suppose 0 = -3*g + 11*g - 520. Calculate the greatest common divisor of g and 13.
13
Let q be -8 + 7 - (-6)/2. What is the highest common divisor of 22 and q?
2
Suppose -5*j - 84 = -7*q + 5*q, -5*q = 5*j - 210. Calculate the highest common factor of q and 6.
6
Let r = 9 + 21. Calculate the highest common divisor of r and 12.
6
Suppose -4*k + 2*g + 38 = -30, -4*k = -g - 66. What is the highest common factor of 8 and k?
8
Let h = 1 + 98. What is the highest common divisor of 33 and h?
33
Suppose 3*l + 9 = 5*l - 3*x, 15 = 5*x. What is the highest common factor of l and 99?
9
Suppose -6*r + 547 = 151. What is the greatest common divisor of r and 6?
6
Let d(i) = -i**3 + 2*i**2 - 2*i + 6. Let o be d(0). Calculate the greatest common factor of 4 and o.
2
Let s = 44 - 24. Suppose 4*c - 605 = 275. Calculate the greatest common factor of c and s.
20
Suppose -5*m + 72 = -m. Let j be (2 + -2)/(1 + 0). Suppose -g + 1 + 1 = j. Calculate the greatest common divisor of m and g.
2
Let o = 8 + 7. Calculate the greatest common factor of o and 150.
15
Let c be (-8)/24 + (-38)/(-6). Calculate the highest common divisor of c and 42.
6
Suppose 17*p = 12*p + 30. What is the highest common factor of 66 and p?
6
Let o be 2/8*19 - (-53)/212. Calculate the greatest common factor of o and 2.
1
Suppose 3*z = 41 - 11. What is the highest common divisor of z and 40?
10
Let m(x) = x**3 + 9*x**2 + 4*x + 6. Let u be m(-7). What is the highest common divisor of u and 190?
38
Let h = -5 + 4. Let l be 0 + 1 - (h - -1). Let w be 12/14*(l + 6). Calculate the greatest common factor of w and 30.
6
Let k(x) = 11*x**2 - 2*x - 2. Suppose 4*y - 2 = -18. Let o be k(y). Calculate the highest common factor of 26 and o.
26
Suppose 16 = 2*f + 4. Let k be 156/9*1*f. Let g be (1 - 16/3)*-3. Calculate the highest common factor of k and g.
13
Let f be 1/4 - 392/32. Let n = 24 + f. What is the greatest common factor of 48 and n?
12
Let o = 3 + 5. Calculate the greatest common divisor of o and 2.
2
Let l(a) be the second derivative of a**4/4 - 7*a**3/6 + a**2 + a. Let w be l(-7). What is the highest common factor of 18 and w?
18
Let w(l) = 3*l**2. Let k be w(-2). Let j(n) = k*n + 8*n + 4 - 9*n. Let h be j(4). What is the greatest common divisor of 6 and h?
6
Suppose -g = 5*r + 12, g - 18 = 3*r - 6. Suppose -2*n - 6 = 0, -6*s = -s + g*n - 36. What is the highest common divisor of s and 18?
9
Suppose 3*w = 2*w + 5. Suppose 4*x = g + 3*x - w, -10 = -2*g + 3*x. Suppose 3*y + 2*t = 82 - 9, g*t + 20 = 0. Calculate the highest common factor of y and 3.
3
Let g be 2 + 7 + (-2 - -1). Let t be 30/g*(-8)/(-3). Suppose -4*u + 18 = 2*b, -2*b = -0*u + u - 27. What is the greatest common factor of t and b?
5
Suppose 0 = 7*c - 12*c + 235. Calculate the highest common factor of 423 and c.
47
Suppose 26 = 4*d - 2*a, -8*a = 2*d - 5*a - 33. Suppose -62 = -2*z + 2*y - 0*y, -3*z - 4*y + 128 = 0. Calculate the highest common divisor of d and z.
9
Let s be 31*1 - (11 - 7). Calculate the highest common divisor of s and 3.
3
Suppose 0 = 5*g + 22 - 232. Calculate the highest common divisor of 6 and g.
6
Let z be 12/(-30)*45*-1. Calculate the highest common factor of z and 45.
9
Let s = -3 - -11. What is the greatest common factor of 1 and s?
1
Let b be -1 - -18 - (3 + -1). What is the highest common factor of b and 165?
15
Let j(q) = -2*q**3 + q**2 + 2*q - 1. Let s be j(-3). Let r be (-16)/(-8) + 31/(-1). Let d = r + 36. What is the highest common divis